 + 3 - (2 + 7 + -2).
-4
What is -16 - -13 - (0 + 1)?
-4
4 + (5 - 5) + -4 - -4
4
0 + 3 + (-2 - 3) + 2
0
What is the value of (4 - 0) + (-24 - -9) + 18?
7
What is the value of 3 + (7 - 11) + 7?
6
Calculate -7 + (2 - -1 - 2) + -1.
-7
What is -2 + -2 - -6 - 0?
2
Evaluate -2 + -7 - ((9 - 18) + 5).
-5
What is the value of (5 + (1 - 0) - 4) + 3?
5
-1 + -7 + (0 - -5)
-3
What is 12 + (-4 + -11 - -11)?
8
What is 4 + 1 - (7 - 3) - 4?
-3
What is -1 + 6 - (-16 - 0 - -24)?
-3
What is the value of 2 - (0 + 4 + -3 + -4)?
5
What is the value of -9 + (-5 + 3 + 6 - -1)?
-4
-1 + (0 - (10 + -7))
-4
Calculate 2 - -3 - (-5 + 6).
4
Calculate 2 - -3 - (-5 + 9) - 11.
-10
6 + -14 - (5 + -10)
-3
Evaluate -2 + 6 - (0 - -17 - 13).
0
What is the value of (-20 - -17) + 1 + 1?
-1
What is (3 - (-1 + 4)) + -1?
-1
What is the value of -23 + 17 - (2 + -2)?
-6
What is 0 + 1 + -6 - -7?
2
(-14 - (3 + -19)) + 2 + 0
4
3 - (-9 - -4) - 3
5
What is the value of -13 - (-10 + 5) - -9?
1
What is -1 + -2 + (4 - 2)?
-1
Calculate -28 + 30 - (5 - -6).
-9
Calculate 8 + 2 + (-2 - 0).
8
What is 2 + -4 - 4 - (-77 - -63)?
8
What is (0 - 0) + 5 + -9?
-4
-5 + -14 + 4 + 10
-5
Calculate 6 + -1 + (25 - 28).
2
What is 0 + 3 + -13 + 9?
-1
(-1 - (0 + -6)) + -1 + 1
5
-3 + -2 + -1 + 4
-2
Evaluate 0 + -2 + 6 + 1.
5
What is the value of -3 + 1 + (-9 - -15)?
4
What is the value of 0 + -1 - ((5 - 12) + 7)?
-1
What is 2 + 2 + -2 + -8 + 2?
-4
Evaluate (0 - 6 - (-7 + 2)) + -5.
-6
Evaluate 1 + (4 - 6 - (0 + 3)).
-4
(0 + -1 - -5) + (-13 - -12)
3
What is the value of 1 - ((-4 + 3 - 3) + 3)?
2
Calculate 4 + -1 + -14 + 11 + 1.
1
(-8 - -1) + (-25 - -30)
-2
What is -3 + (3 - (-6 + 3))?
3
What is 0 + 4 - 10 - (-10 - -1)?
3
What is 0 + (0 - -1) - (81 - 87)?
7
What is -3 + (-4 - (-8 + 4))?
-3
Calculate (-7 - (-5 + (2 - 4))) + 3.
3
What is the value of -3 - (2 - 1 - (38 + -43))?
-9
Calculate (2 - (0 - (4 - 10))) + 6.
2
Calculate 0 + -2 + 5 + (4 - 11).
-4
-6 - ((1 - -3) + 4 + -11)
-3
What is the value of -1 + -7 + 0 + -101 + 104?
-5
Evaluate (4 - 6) + 2 - -4.
4
Calculate 8 - ((-5 - -16) + -8).
5
(1 - 2) + -2 - (3 - 8)
2
Calculate -5 - (4 - 6 - 3).
0
What is 5 + -3 + -14 + 6?
-6
10 - 4 - (3 + -4 + 2)
5
Calculate 1 + -4 + (12 - 9).
0
Calculate (-2 - 0) + 7 + -7 - 0.
-2
What is 6 - (2 - (-7 - -1)) - -1?
-1
Evaluate 6 - (9 - (-4 - -7)).
0
4 - (-21 - -12) - 15
-2
What is -2 + -2 + 14 + -10?
0
Calculate 0 + (2 - -4) + (-8 - -5).
3
What is the value of -4 - -4 - -3 - -1?
4
Calculate 3 + 4 + -11 + -1.
-5
Calculate 18 + (-6 - 7) - 12.
-7
Calculate 1 - ((-5 - -2) + 6).
-2
Evaluate (0 - 5) + (-9 - -16).
2
Calculate (3 - -1) + -56 + 51.
-1
-4 - 9 - -10 - (-7 - -1)
3
-67 + 64 - (1 + 1) - -5
0
Evaluate (0 - (2 + -5)) + 2.
5
What is the value of -4 - (-2 + -4 + 3 - 6)?
5
Calculate 1 + -4 - 0 - -1.
-2
Calculate 1 - (5 - (-1 - -2) - -1).
-4
Calculate 10 - 2 - 0 - 3.
5
Calculate -10 - (-3 - 2) - (-5 + 1).
-1
What is -9 + 1 - (-3 + -1 + -2)?
-2
1 + 4 + 0 + -2 - 1
2
1 - (5 - 2) - 0
-2
Calculate 7 + -11 + -7 - -6.
-5
Evaluate (-7 - -3) + -8 - -7.
-5
What is -3 - (4 + 0 + -1 - 4)?
-2
What is -9 + -1 + 8 + -3?
-5
What is the value of 4 - (-2 + 4 + 3)?
-1
Evaluate -2 + (-4 - -3) - 2.
-5
-1 + 0 - (1 + 0 + 1)
-3
What is 13 - (13 - (13 + -20))?
-7
What is (-12 + 8 - (1 + -1)) + 0?
-4
What is the value of -4 + (2 - (-1 - -2)) - 2?
-5
Evaluate (-5 - (-17 + 10)) + -2.
0
What is the value of -5 + -5 - (0 + -2 + 0)?
-8
Calculate -1 + 1 + -10 + 10 + -5.
-5
What is the value of 1 + -7 - (9 + -21)?
6
Evaluate 2 - (-2 + (-3 - -3) + -1).
5
Evaluate 9 - 0 - (11 - 2).
0
Evaluate 0 - -5 - (3 + 1).
1
What is the value of 9 + -8 + 5 + 0?
6
-12 + -6 - (-2 - 11)
-5
Evaluate -8 - (6 + -1 - (-20 + 29)).
-4
Evaluate -4 + 6 + (2 - 7).
-3
7 - 6 - 9 - (-1 + -2)
-5
Calculate 4 - (11 - (5 - 1)).
-3
Evaluate -2 + 7 - (3 + (-2 - -4)).
0
Calculate -4 + (8 - 2) + 0 + -1.
1
What is 0 + -5 - (-5 - -3)?
-3
What is the value of -3 + -9 + 7 + 7?
2
Evaluate -3 - -1 - (8 + -8).
-2
What is the value of (-7 - -22 - 6) + -17?
-8
Calculate 1 + 1 + 7 - (5 + -2).
6
What is (8 - 3) + 2 + -1?
6
-6 - (-1 + 0) - (125 - 126)
-4
Calculate -5 + 3 - (5 + -3).
-4
What is the value of (-10 - -8) + (1 - 1 - -1)?
-1
-50 - -56 - (6 - 0)
0
Evaluate 6 - (-4 + (5 - 3)) - 4.
4
Evaluate 0 + 3 + (-10 - -4) - -3.
0
Calculate -3 - -6 - (-11 + 15).
-1
Evaluate 3 + -3 + 7 - 5.
2
Evaluate -4 + 7 - (-13 + 22).
-6
Calculate 7 - (9 + -8 - 0).
6
What is (-2 - -4) + 3 + -10?
-5
Calculate 5 + 2 + (-7 - (-3 + 4)).
-1
Evaluate (0 - 3) + (2 - 4).
-5
(5 - 2) + 1 + 0 + -8
-4
What is the value of 8 - ((0 - 7) + 8)?
7
10 + 5 + 1 + -55 + 48
9
What is the value of -1 + -5 + 13 + -10 + -3?
-6
(6 - (7 - 8)) + 0 + -15
-8
Calculate 6 + (-2 - 0) - (4 - 3).
3
Evaluate (1 - 5) + 2 - -6.
4
What is the value of 14 + -6 + (-13 - -12)?
7
Calculate -4 - -4 - (-5 + 2 - 2).
5
What is the value of -15 + 16 - (1 + 0)?
0
What is (-2 - -5) + 2 + (-39 - -41)?
7
What is the value of (-1 - -7 - (0 + 3)) + -4?
-1
0 + -4 + -2 + 0 + 8
2
Evaluate 19 - 19 - (1 - -3 - -1).
-5
3 - ((1 - 0) + -13 + 17)
-2
Calculate -7 + 2 + 0 + 4.
-1
What is the value of -5 + 3 + 4 + -1 + -4?
-3
(-1 - 0) + -41 + 47
5
Evaluate -3 - 1 - (6 - 11) - -4.
5
Calculate 1 + (4 - -3 - 1).
7
Evaluate -2 - (29 + -26 - (0 - 0)).
-5
Evaluate 5 + -2 + 3 + -10.
-4
What is the value of 6 - (-2 - (6 - 10))?
4
What is the value of (17 - 9) + -11 + 6?
3
4 - (2 + 3 + 0)
-1
Evaluate 2 + (3 - 4 - -4).
5
What is the value of -4 - -3 - (3 + -1) - -1?
-2
20 + -22 + (-2 - -2) + 0
-2
What is (-1 - (12 - 5)) + 7?
-1
What is the value of -2 - (-1 - (2 + 0))?
1
Evaluate -3 + 1 - (7 - (0 - -12)).
3
What is the value of -9 + (-10 - (-35 - -9))?
7
-6 + (-1 - -3) + 8
4
What is the value of (-8 - -5) + 3 - -3?
3
What is the value of -5 - (1 - 6) - (-13 + 10)?
3
(-2 - 2 - (-3 + 3)) + 3
-1
What is (16 + -16 - (0 + 3)) + -2?
-5
2 + 0 + -7 + (22 - 17)
0
What is the value of -5 - (-1 + 5 + (-6 - 3))?
0
What is -5 - (-8 - (-2 - -4))?
5
What is -6 + 2 + (3 - 3)?
-4
Evaluate -2 - (0 + -1 + -5).
4
What is 74 - 74 - (2 + 1)?
-3
What is the value of -4 + -7 + 14 + -4?
-1
2 - (-9 - -5 - -8)
-2
What is 0 + -4 + 2 + -2?
-4
What is 1 + -5 + -1 - (40 + -44)?
-1
What is (-2 - (-1 - -2)) + -26 + 25?
-4
Calculate 6 - 3 - 0 - 1.
2
Evaluate 2 + 2 - (-11 - -23).
-8
5 - (-3 - (1 - 10) - -3)
-4
23 + -17 + -2 + 1
5
Evaluate -5 + (16 - 17) + -3 + 1.
-8
-3 + 8 - 8 - (-18 - -7)
8
Evaluate (7 - 10) + (2 - 1) - -3.
1
Evaluate 0 + (0 - -3 - (8 + -7)).
2
What is 8 + -10 - (3 - (1 + 1))?
-3
What is the value of (0 + -2 - 0) + (24 - 21)?
1
What is the value of -4 + 3 - (10 + -8)?
-3
What is 5 + 2 + -5 + 5?
7
What is the value of -1 - (0 + -7 - -1 - 1)?
6
What is 17 + -16 + (0 - 2)?
-1
What is -1 + 7 + -2 + (-24 - -26)?
6
Calculate (6 - (-8 + 3)) + -2 + -2.
7
Evaluate -11 + (-1 - (-26 - -12)).
2
What is -5 + 1 + 9 - (5 - 0)?
0
What is the value of (1 - -2 - -5) + -4?
4
Calculate -4 - (-3 - (-1 + 4) - 3).
5
What is 1 + 2 - (-2 + 3)?
2
What is (-3 - -1) + (0 - -2)?
0
2 + (4 - (8 - -1))
-3
What is -5 - (-2 - 2) - -6?
5
What is the value of 6 + -3 - 9 - -5?
-1
What is (0 - -2) + -4 + 4?
2
Calculate 1 + (-3 - 0) - 1.
-3
What is the value of 1 + 0 + (1 - (-2 + 2))?
2
What is (6 + -15 - -3) + (3 - 5)?
-8
What is the value of -2 - (2 - -1 - (5 - 2))?
-2
What is -2 + (1 - 1 - 2)?
-4
What is 0 + -8 + 18 + -12?
-2
9 - (6 - 2 - (-2 - -2))
5
Calculate 1 + 1 + (-1 + 2 - 0).
3
What is the value of 10 - (12 + -1 - 5)?
4
What is the value of (-14 - (5 + -13 - -1)) + -1?
-8
What is the value of -3 + 0 + 3 + -4 - -3?
-1
-4 + 4 - (1 + (-2 - -3))
-2
Calculate 5 - (-1 + 6 + 0).
0
-1 - (5 - 3 - (-1 - 0))
-4
What is the value of (9 - 8) + (4 - 2) - -2?
5
10 + (-8 - -4) - (0 - -1)
5
-3 + 9 + (-1 - 10)
-5
What is (-17 - -11) + (-2 - -5)?
-3
-6 - (-3 + 1 + -3)
-1
Evaluate 1 + 3 + -1 - 10.
-7
Calculate -1 - (2 - (-1 + 2)).
-2
What is the value of 5 + -2 + 3 + -2 - 1?
3
Evaluate -8 + 7 - (0 - 2 - 4).
5
2 + -1 + (4 - 7) + 5
3
43 - 35 - (6 - -1)
1
What is the value of -5 + (2 - ((4 - 3) + -2))?
-2
What is -15 + 12 + (1 + -3 - -4)?
-1
Evaluate 3 + (4 - 0) - 2.
5
-5 + 11 + (10 - 14)
2
73 - 71 - (0 + -1 - -4)
-1
5 - (2 + (11 - 6 - 3))
1
What is 6 - (4 + 3 + -10 - -5)?
4
Evaluate 47 - 46 - (8 + 0 + -2).
-5
What is (0 + -4 - (33 - 30)) + -1?
-8
What is 16 - 25 - (-6 - -1)?
-4
Ca